s(q) = -q**3 + 2*q**2 + 4*q. Let m be s(-3). Let i = 85 - 74. Suppose i*g = 10*g + 22. What is the highest common factor of m and g?
11
Let b(x) be the first derivative of -3*x**4/4 + 2*x**2 - x - 84. Let k be b(-4). Calculate the greatest common factor of 5 and k.
5
Let b = 227 - 225. Let c(l) = 355*l + 32. Let y be c(b). What is the highest common divisor of 14 and y?
14
Let o be ((-2)/2*17)/(-1). Let b(h) = -27*h - 10. Suppose 3 = -61*j + 58*j. Let f be b(j). What is the greatest common divisor of f and o?
17
Suppose -46*z + 57*z = 81*z - 1050. Suppose 18 = 4*k - 66. Calculate the greatest common divisor of k and z.
3
Let j = -5419 - -17710. What is the highest common divisor of j and 241?
241
Suppose -5*b = -4*v + 47, 4*v - b + 0*b - 35 = 0. Suppose -v*x + 237 + 203 = 0. What is the greatest common divisor of 20 and x?
5
Suppose -2*o - 13*u + 9*u + 2642 = 0, -2*o = -2*u - 2672. Calculate the highest common divisor of o and 3025.
121
Suppose -2337 = -10*i - 9*i. Let b = 4 + 78. What is the highest common divisor of i and b?
41
Let g be (-3 - 221/(-3))/(12/18). Let b = -100 + g. Suppose 2*l - 5*w - 7 = 0, b*w = -2*l + w + 17. Calculate the highest common divisor of 2 and l.
2
Let p be (16/(-20))/(24/(-360)). Let o be (14 - 18)*(-3)/p. Calculate the highest common factor of o and 7.
1
Suppose 0 = b - 11 - 3. Let v = b + -12. Let q be 3 - 8/v - (-46 + 1). Calculate the greatest common factor of 33 and q.
11
Let p be 8 + 11 + (0 - 0). Let h = 12 + 15. Suppose -r = -3*s - h, -2*s + s = 2*r - p. Calculate the greatest common divisor of 6 and r.
6
Suppose -6*w + 102 = -3*w. Suppose 12 - 166 = -77*j. What is the highest common factor of j and w?
2
Suppose 5*k - k + 5*i = 1663, -3*k - i = -1261. Suppose 0 = 25*n - k - 728. Suppose -4*o + 1186 = -470. Calculate the greatest common factor of o and n.
46
Suppose -4*c - 2*f = 38, 4*f + 1 + 15 = -3*c. Let o = c + 38. Suppose -5*v + 29 = r - o, 0 = -2*r. Calculate the greatest common factor of 33 and v.
11
Let u = 40 - 19. Suppose -205 = -7*c - 1675. Let j be (c/(-25))/((-4)/(-70)). Calculate the greatest common factor of j and u.
21
Let p(w) = 11*w**2 + 59*w + 55. Let u be p(-15). What is the highest common divisor of u and 14?
7
Let c = 135 - 15. Let v be (-2)/(-7) + 7/(147/c). Suppose 80 = v*x + 2*x. What is the highest common divisor of x and 25?
5
Let g = 591 - 566. Calculate the highest common divisor of 15625 and g.
25
Let h = 285 + -308. Let s(g) = -g**3 - 21*g**2 + 42*g - 80. Let l be s(h). What is the greatest common factor of 210 and l?
6
Let q(p) = p**2 + 11*p - 834. Let r be q(0). Let y = r + 1620. What is the highest common divisor of y and 6?
6
Let r(h) = 119*h + 1976. Let f be r(-11). What is the highest common factor of f and 253?
23
Let x be (-4)/(-7) - (-318)/7. Let u = 146 - x. Suppose -i + 3*k = -113, k - u + 607 = 4*i. What is the greatest common divisor of i and 32?
32
Let u(o) = o**2 - 15*o + 19. Let m be u(13). Let a be 2/m - 3*(-172)/42. What is the highest common divisor of 54 and a?
6
Let o be 655248/1320*(-1 - 14/(-4)). Calculate the highest common divisor of 17 and o.
17
Let b be -5 - ((-8)/6 + (-100)/(-75)). Let s be b - ((-13)/13 + 1*-32). What is the greatest common divisor of 12 and s?
4
Let p = 145 + -122. Let m = p - -1. Calculate the highest common divisor of m and 80.
8
Suppose -c - 18 + 24 = 0. Let k be 30/8 + c/(-8). Suppose k = -3*l + 72. What is the greatest common factor of l and 207?
23
Suppose 53*n = 52*n + 583 + 1561. Calculate the highest common divisor of n and 1809.
67
Suppose l - 4*p - 26890 = -l, 3*p - 13450 = -l. What is the greatest common factor of l and 119?
119
Suppose a + 82 = 901*q - 897*q, 4*q - 74 = -3*a. Calculate the highest common factor of 2360 and q.
20
Let b(y) = 3*y + 25. Let z be b(-13). Let x be (-2360)/z - (0 - 12/28). Let w = -37 + x. Calculate the greatest common divisor of w and 12.
12
Let j = -65 - -48. Let y be (j/(459/(-576)))/((-2)/(-6)). What is the highest common factor of y and 48?
16
Suppose -33*f + 372*f - 177072 = -33*f. Calculate the highest common factor of f and 203.
7
Let p be (-702)/273*(-14)/(-12)*-8. Let m = 22 + p. What is the highest common factor of 2 and m?
2
Suppose w - 195 = -0*w. Suppose 0 = 60*r - 2423 + 1546 - 3803. What is the highest common factor of w and r?
39
Let x be (48/10)/(3/105). Suppose 22*r - 320 = 2*r. Calculate the greatest common factor of x and r.
8
Let a = -1178 - -1228. What is the highest common factor of 32 and a?
2
Let n(p) = p**3 + 10*p**2 + 33*p + 166. Let w be n(-8). What is the highest common factor of 555 and w?
15
Let p(v) = 736*v + 495. Let j be p(4). Calculate the greatest common divisor of 181 and j.
181
Let v(y) = 3*y - 2. Let a = -557 + 563. Let r be v(a). Calculate the greatest common factor of 216 and r.
8
Let g be (-3 - -6)*-6*(-1899)/6. What is the highest common divisor of 422 and g?
211
Let i(x) = -4*x**3 - 4*x**2 - 2. Let o be i(-2). Let d be ((-440)/o)/((-12)/168). Calculate the highest common divisor of 55 and d.
55
Let p be 34/(-6) + 24/36. Let v be (-4)/p + (4596/(-10))/(-3). Calculate the greatest common factor of v and 33.
11
Suppose 0 = -4*z + 2*z. Suppose 0 = 3*w + 3, 3*b + 4*w + 7 = -z*w. Let d be ((-20)/15)/(b/15). Calculate the highest common factor of d and 100.
20
Let w(v) = 2*v**3 - 11*v**2 + 12*v - 23. Let c be w(5). Suppose 0 = -c*t - 26*t + 5928. What is the highest common divisor of t and 4?
4
Let v = 105 - -255. Suppose 5*w - v = 3*b - b, 5*w = 4*b + 370. Calculate the greatest common factor of 56 and w.
14
Let z be (2 + 39)*(3 + -2). Suppose -4*y = -z - 155. Suppose 197*h - 34710 = -207*h + 4882. Calculate the highest common divisor of h and y.
49
Let x be (0 + 760)*(-3198)/(-205). Suppose 0 = -28*h + x - 4296. What is the highest common divisor of h and 20?
10
Let b = 25194 + -24481. Calculate the greatest common factor of 434 and b.
31
Let g = -20 - -88. Let y = -921 + 922. Let d(s) = 36*s**2 - 19*s. Let r be d(y). What is the greatest common factor of g and r?
17
Suppose 0 = 229*r - 8441 + 6900 - 9451. Calculate the highest common divisor of 4596 and r.
12
Let d(o) = -4*o + 164. Let w be d(39). Let r(f) = -f**3 - f**2 + 13*f + 20. Let p be r(-4). Calculate the highest common divisor of w and p.
8
Suppose 8*f - 425 = 3*f. Suppose 3152 = -13*b - 410. Let g = -240 - b. What is the greatest common factor of f and g?
17
Let k be 2*72/15*(-510)/9. Let o = k - -796. What is the highest common divisor of 24 and o?
12
Suppose x - 148 = 3*x. Let j = x - -99. Suppose -3*r - 2 = -3*q - 77, 2*r = -3*q + 50. What is the greatest common factor of r and j?
25
Suppose d - 7 + 5 = 0, -3*u = 3*d - 69. Suppose -41 - 14 = -5*b. Suppose 5*l = 81 - b. Calculate the highest common factor of l and u.
7
Let x(z) = 4*z**2 - 5*z - 2. Let c(n) = 3*n**2 - 5*n - 2. Let p(b) = -5*c(b) + 4*x(b). Let g be p(-13). What is the greatest common divisor of 159 and g?
53
Let l = 227371 + -226937. Let f(n) = 27*n**3 + n**2. Let p be f(1). Calculate the highest common divisor of p and l.
14
Let o = 15827 + -15752. Calculate the highest common factor of o and 570.
15
Let c = -82 - -137. Let j be (90/c)/(-9)*(-22)/2. Let v(z) = 4*z**3 + 3*z**2 - 2*z - 2. Let i be v(2). Calculate the highest common factor of i and j.
2
Suppose 308 = 13*g - 121. Calculate the highest common factor of 2321 and g.
11
Let d be (5 - (-56)/(-7))/(-5 - 1610/(-325)). Let q be -1*3/((-6)/58). Let y = 55 - q. What is the highest common factor of y and d?
13
Suppose -2*w - 42 = -2*y, 3*y - 60*w = -64*w + 56. Calculate the highest common factor of y and 326.
2
Suppose 4*o - 12 = 0, -o = y + 2 - 18. Suppose 28*q = 29*q - y. Let s = 1 + q. Calculate the greatest common factor of s and 35.
7
Suppose -5*d - 331*z + 1270 = -330*z, 3*d - 762 = -3*z. What is the highest common factor of 2667 and d?
127
Suppose -7*k + 9*k = 6. Suppose -2*s = -7*s - k*o + 92, -5*s - 4*o = -96. Let u = s - 8. Calculate the greatest common factor of u and 4.
4
Let b = -90741 - -163071. What is the greatest common divisor of b and 30?
30
Suppose j + 0 = -3*d + 30, 5*d - 58 = j. Let u be (105/12)/((-3)/12). Let b = -13 - u. What is the greatest common factor of b and d?
11
Suppose 212 - 704 = -3*g. Suppose -4*u + 56 = 2*r - 36, -4*r = 4*u - g. 